{"id":549,"date":"2017-01-24T15:38:49","date_gmt":"2017-01-24T14:38:49","guid":{"rendered":"http:\/\/muoni-server-01.oact.inaf.it:8080\/calcolo\/?page_id=549"},"modified":"2020-05-20T11:59:53","modified_gmt":"2020-05-20T09:59:53","slug":"richiesta-risorse","status":"publish","type":"page","link":"https:\/\/www.ict.inaf.it\/computing\/richiesta-risorse\/","title":{"rendered":"Richiesta risorse"},"content":{"rendered":"Per visualizzare la pagina devi effettuare l'<a href=\"\/computing\/accesso\">accesso<\/a>","protected":false},"excerpt":{"rendered":"<p>&nbsp; La richiesta di risorse di calcolo CINECA \u00e8 effettuata compilando gli appositi form accessibili tramite il men\u00f9 laterale. In base alle necessit\u00e0 di risorse di ciascun progetto sono state individuate 3 diverse classi: Classe A: da 125.000 a 750.000 ore standard. Account e login dopo valutazione (max 15 gg dopo la scadenza). Necessario un [&hellip;]<\/p>\n","protected":false},"author":2,"featured_media":0,"parent":0,"menu_order":0,"comment_status":"closed","ping_status":"closed","template":"","meta":{"_et_pb_use_builder":"on","_et_pb_old_content":"","_et_gb_content_width":""},"_links":{"self":[{"href":"https:\/\/www.ict.inaf.it\/computing\/wp-json\/wp\/v2\/pages\/549"}],"collection":[{"href":"https:\/\/www.ict.inaf.it\/computing\/wp-json\/wp\/v2\/pages"}],"about":[{"href":"https:\/\/www.ict.inaf.it\/computing\/wp-json\/wp\/v2\/types\/page"}],"author":[{"embeddable":true,"href":"https:\/\/www.ict.inaf.it\/computing\/wp-json\/wp\/v2\/users\/2"}],"replies":[{"embeddable":true,"href":"https:\/\/www.ict.inaf.it\/computing\/wp-json\/wp\/v2\/comments?post=549"}],"version-history":[{"count":37,"href":"https:\/\/www.ict.inaf.it\/computing\/wp-json\/wp\/v2\/pages\/549\/revisions"}],"predecessor-version":[{"id":2629,"href":"https:\/\/www.ict.inaf.it\/computing\/wp-json\/wp\/v2\/pages\/549\/revisions\/2629"}],"wp:attachment":[{"href":"https:\/\/www.ict.inaf.it\/computing\/wp-json\/wp\/v2\/media?parent=549"}],"curies":[{"name":"wp","href":"https:\/\/api.w.org\/{rel}","templated":true}]}}